 + 7066 = 19*w + 1898. What is the remainder when w is divided by 67?
55
Let d = 90 - 54. Suppose -145 + 216 = 7*q - 181. Calculate the remainder when 155 is divided by 8/q + 1432/d.
35
Let h = 2905 - 2870. Calculate the remainder when 61 is divided by h.
26
Let x = -58 - -87. Calculate the remainder when (-27)/((-324)/1752) - 1*4 is divided by x.
26
Let k = 122 + -6. What is the remainder when k is divided by (-6)/9*-1*7371/126?
38
Let k(o) = o**2 - 224*o - 1861. Let l be k(-8). Let c(m) be the third derivative of m**4/8 + 8*m**3/3 - m**2. What is the remainder when 3 is divided by c(l)?
0
Suppose -3*m = v - 9 - 3, 3*m = 5*v + 30. Let r(c) = -c**3 + 43*c**2 - 38*c - 130. What is the remainder when 3/9 + (-446)/v is divided by r(42)?
35
Suppose 0 = -12*v - 2*v - 490. Suppose -4*p + o = -0*o - 171, 210 = 5*p - 5*o. Let r = v + p. Calculate the remainder when 25 is divided by r.
1
Suppose -26*j = 131 + 51. Let s(c) = 13*c + 99. Let n = -16 + 53. Calculate the remainder when n is divided by s(j).
5
Let g = 16156 - 8917. Calculate the remainder when g is divided by 4.
3
Calculate the remainder when 2126 is divided by 1*(-89)/(-2) + (-100)/200.
14
Let b = -581 - -630. Suppose -5*i - 37 = -717. Calculate the remainder when i is divided by b.
38
Let n be 53/2 + 2/4. Let q = -2938 - -2925. Let g = n + q. Calculate the remainder when 38 is divided by g.
10
Suppose -4*i = -2*y - 1 - 87, -16*i = -3*y - 342. Calculate the remainder when 93 is divided by i.
9
Let a be ((-44)/20)/(3/(-105)*1). Suppose a + 67 = 6*v. Let h = 345 + -156. What is the remainder when h is divided by v?
21
Let x = 1299 - -5496. Suppose -16*o + o = -x. What is the remainder when o is divided by 24?
21
Suppose 36*v - 35*v = -5*n + 33031, 0 = -2*n + 2*v + 13234. Calculate the remainder when n is divided by 19.
15
Let h(n) = -3*n + 142. Let k be h(-20). Suppose 24*w = 706 - k. What is the remainder when 100 is divided by w?
16
Let w = 36 - -170. Let b = -119 + w. Calculate the remainder when b is divided by 33.
21
Let m(i) = -229 + 24*i - 7*i - 96 + 25*i + 65 - i**2. Calculate the remainder when 235 is divided by m(31).
73
Suppose 662 = 15*f + 11462. Let w = 737 + f. Let z = 222 + -155. Calculate the remainder when z is divided by w.
16
Suppose 568 = 31*q - 1943. Suppose 3*r = 171 + 27. Let f = r + -38. What is the remainder when q is divided by f?
25
Let t be 51 + (-1 - (4 + -7)). Let z = 43 - t. What is the remainder when 12*4/(-12)*z is divided by 11?
7
Let x(b) = 2*b**3 + 34*b**2 + 21. Suppose 5*i - 2*i - 36 = 0. What is the remainder when x(-17) is divided by i?
9
Let o = -116 - -119. Suppose 0*f + 3*u = 3*f - 447, 479 = o*f + 5*u. What is the remainder when f is divided by 7?
6
Suppose 0 = -4*p + 3*z + 544, -4*p + 544 = 19*z - 13*z. What is the remainder when p is divided by 126?
10
Let p = 98 - 68. Let o = -29216 + 29334. Calculate the remainder when o is divided by p.
28
Let v = 10 + 0. Let u = -1960 + 1966. Calculate the remainder when v is divided by u.
4
Suppose -2*d - m = 4 + 20, -2*m = -4. Calculate the remainder when 121 is divided by 16/(-104) + (-535)/d + 0.
39
Let r = -19 + 19. Calculate the remainder when 1/(4/112 - r) is divided by 404/36 + (-32)/144.
6
Suppose 186 = w - 2*d, 3*w - 2*d = -4*d + 558. Suppose -3*m + 5*r = -6*m + w, -3*r + 9 = 0. Calculate the remainder when m is divided by 22.
13
Suppose 27*t = 8528 - 1778. Let c = t + -239. Calculate the remainder when 37 is divided by c.
4
Suppose -250 = -14*b + 525 - 173. Calculate the remainder when 520 is divided by b.
4
Suppose -24300 = -82*z - 124*z - 94*z. Calculate the remainder when z is divided by 47.
34
Suppose -240 - 749 = -23*u. Let o(w) = -w**3 - 7*w**2 - 8*w. Let n be (2 + 0)*(-2 + -1). What is the remainder when u is divided by o(n)?
7
Let h(b) = b**2 - 5*b + 3. Let r be h(0). Suppose 2*v = -t - t + 244, 0 = -t - r*v + 122. What is the remainder when t is divided by 21?
17
Let c = -37 - -12. Let m = c - -33. Calculate the remainder when ((33 - -3)/(-2))/((-1)/m) is divided by 29.
28
Let k be (-21)/((14/(-28))/((-2)/(-6))). Suppose -16*v + k*v = -96. Calculate the remainder when v is divided by 17.
14
Let w(a) = -2*a + 4. Let v be w(0). Let c be v/(-10) - 68/(-20). Suppose 3*f - 5*x = 8, -4*x + c + 5 = 0. Calculate the remainder when 28 is divided by f.
4
Let h(w) = -5*w. Calculate the remainder when 25/(-15) + -2 - 40863/(-477) is divided by h(-5).
7
Let u = -1723 + 1761. Let c = -8 - -11. Suppose -c*y + 6 = -24. Calculate the remainder when u is divided by y.
8
Let f be 108 + 3/(-9)*3 + 0. Let h = -37 + f. Calculate the remainder when h is divided by 12.
10
Suppose m - 5 = 4. Suppose -925 - 731 = -m*q. Suppose -8*h = -0 - q. Calculate the remainder when h is divided by 13.
10
Let z be (403/(-39) - -10)/(1/(-207)). Calculate the remainder when (z/(-92))/((-6)/656) is divided by 25.
7
Let h = -11644 + 11705. What is the remainder when 1215 is divided by h?
56
Suppose 63*l + 12601 + 17000 = 206*l. Calculate the remainder when l is divided by 37.
22
Let g = -12175 + 12463. Calculate the remainder when g is divided by 4.
0
Let i = -76 + 206. Calculate the remainder when i is divided by (897/(-39) - -26) + 9.
10
Suppose 227 + 100 = 3*m. Suppose -4*z + 5*q = q - 84, 0 = -5*q + 5. What is the remainder when m is divided by z?
21
Let x = 40 + -30. Suppose -2*c - x = -26. Calculate the remainder when 216/(-16)*16/(-6) is divided by c.
4
Let m be 352/10 + (-2)/10. Let q = m + -30. Suppose 4*x - 178 = q*i - 3*i, -x + 5*i + 49 = 0. What is the remainder when x is divided by 16?
12
Suppose -2983 + 408 - 8849 = -51*l. Suppose 2*c - 4*i - 34 = -2*i, 3*c - 16 = -4*i. What is the remainder when l is divided by c?
8
Calculate the remainder when 592 is divided by -11 + 21 - 150/(-2).
82
Let w(q) = 5*q + 8. Let i(p) = -2*p - 4. Let k(s) = 5*i(s) + 3*w(s). Let b be k(-8). Let l = 63 + b. What is the remainder when l is divided by 14?
13
Let g(k) = -2*k**2 + 63*k - 30. Let w be g(31). Calculate the remainder when 161 is divided by (72/(-32))/(w/(-8)).
17
Suppose 7 = -6*f + 97. Let o = 92 + -61. Calculate the remainder when o is divided by ((-34)/(-4))/(((-90)/(-12))/f).
14
Let m = 401 + -376. Suppose -4*n + 1454 = -2*y, 9*y - 4*y + m = 0. What is the remainder when n is divided by 28?
25
Suppose -54*h + 975 + 645 = 0. Calculate the remainder when 2519 is divided by h.
29
Let u = 1480 + -1399. What is the remainder when 229 is divided by u?
67
Suppose 26*a - 27*a + 407 = 5*k, -4*k + 3*a = -337. What is the remainder when 85 is divided by k?
3
What is the remainder when (10101/(-105) - 24)*10*-7 is divided by 15?
14
Let w(h) be the third derivative of -5*h**4/24 + 41*h**3/3 + h**2 + 22. What is the remainder when w(-6) is divided by 61?
51
Let n = 5936 - 5917. What is the remainder when 2352 is divided by n?
15
Suppose 4*d + 5*v = -42 - 207, 0 = 2*v + 10. Let h be (d/(-12) - 4)/((-3)/585). Let k = 199 + h. Calculate the remainder when k is divided by 12.
9
Let p(z) = -7*z**3 - 34*z**2 - 31*z - 31. What is the remainder when p(-8) is divided by 1597?
28
Calculate the remainder when 2/(-8) - (-902165)/1396 is divided by 162.
160
Let y = 4665 - 4649. What is the remainder when (-4)/((-95)/31 + 3) is divided by y?
14
Suppose -38*d = -402 - 358. Suppose -17*a - 312 = -d*a. Calculate the remainder when a is divided by 36.
32
Suppose 29*h - 14208 = -8*h. Suppose h - 131 = 11*d. Calculate the remainder when d is divided by 12.
11
Let w = -479 - -499. Let n(s) = -s**3 - 8*s**2 + 4*s - 5. Let x be n(-6). Let o = -44 - x. What is the remainder when o is divided by w?
17
Let z(i) = i**3 - 30*i**2 + 11*i - 106. Calculate the remainder when z(30) is divided by 38.
34
Let w(k) = -225*k + 507. Calculate the remainder when 57 is divided by w(2).
0
Suppose 15*v + 40479 = 146*v. What is the remainder when 371 is divided by v?
62
Let l = 494 + -136. Let c(m) = -943*m - 18840. Calculate the remainder when l is divided by c(-20).
18
Let d = 25383 + -24218. What is the remainder when d is divided by 575?
15
Suppose v - 4 = 0, 8*v - 4*v - 372 = 4*o. Let q = o + 105. Let s = -26 - -87. What is the remainder when s is divided by q?
13
Let v be (4 + -4 + 1)*-1 - -9. Suppose v = -4*m, 5*m - 29 = -5*p + 2*m. Suppose -22*u = -p*u - 120. What is the 